rue
Is 3556649 a composite number?
False
Is 45267241 a composite number?
False
Is 32012327 composite?
False
Is 753527 composite?
False
Is 7199489 composite?
True
Is 5712067 composite?
True
Is 221197 a prime number?
True
Is 367235023 a composite number?
False
Is 86555867 a composite number?
False
Is 7547633 prime?
True
Is 327496223 composite?
False
Is 256898 a composite number?
True
Is 1338479 composite?
False
Is 411193 a composite number?
False
Is 22217141 prime?
True
Is 73224467 a composite number?
False
Is 9212429 a prime number?
True
Is 12241213 composite?
False
Is 48150911 composite?
False
Is 133889893 composite?
True
Is 9139561 composite?
True
Is 90425537 prime?
True
Is 25539947 a composite number?
True
Is 12065113 a composite number?
False
Is 442762037 a prime number?
True
Is 3035657 prime?
False
Is 2224629007 composite?
False
Is 3612883 a prime number?
True
Is 40970617 a prime number?
False
Is 2522861 a prime number?
False
Is 8195177 a composite number?
True
Is 324485921 a prime number?
True
Is 4296673 a composite number?
False
Is 485360999 prime?
False
Is 27344873 a prime number?
False
Is 2082013 a prime number?
False
Is 239400677 a prime number?
False
Is 4075369 composite?
False
Is 831967 composite?
False
Is 978611 a prime number?
True
Is 37400387 a composite number?
True
Is 3375049 prime?
False
Is 22843 a composite number?
True
Is 235919 a composite number?
False
Is 299461397 a composite number?
False
Is 1125499 a prime number?
True
Is 54691001 prime?
True
Is 232291919 composite?
False
Is 9632117 a prime number?
False
Is 19049923 a composite number?
False
Is 32491553 prime?
False
Is 65720117 a composite number?
False
Is 13910657 a prime number?
False
Is 9531047 a composite number?
False
Is 134990543 prime?
True
Is 24671729 prime?
True
Is 77895283 a prime number?
True
Is 265284037 prime?
True
Is 697756193 a composite number?
False
Is 7983713 a prime number?
False
Is 18254759 a prime number?
True
Is 30033701 composite?
False
Is 21451427 prime?
True
Is 1212154 composite?
True
Is 2837551 composite?
False
Is 12007657 prime?
False
Is 5239153 composite?
False
Is 21963169 composite?
True
Is 1739629 prime?
False
Is 137500487 a prime number?
False
Is 16834273 composite?
False
Is 48392671 a composite number?
False
Is 7488623 a composite number?
True
Is 15873839 a prime number?
True
Is 133652791 a prime number?
True
Is 63328403 a composite number?
True
Is 11722691 prime?
True
Is 43810799 composite?
False
Is 1274637107 prime?
True
Is 71304973 composite?
False
Is 3191107 a composite number?
True
Is 137900521 composite?
True
Is 2333027 composite?
True
Is 20884313 prime?
False
Is 157960643 a composite number?
True
Is 147218777 composite?
False
Is 51808109 a prime number?
False
Is 68971369 a composite number?
True
Is 997519 a composite number?
True
Is 3744833 composite?
True
Is 64031059 a prime number?
True
Is 2955593 prime?
False
Is 59380103 a prime number?
True
Is 2084762 a composite number?
True
Is 4806029 a composite number?
False
Is 20046203 a composite number?
False
Is 72920719 prime?
False
Is 14201111 composite?
False
Is 6654029 composite?
False
Is 129336047 composite?
False
Is 197669233 composite?
True
Is 1113727 composite?
True
Is 59519743 composite?
False
Is 5279777 a composite number?
True
Is 8869429 a prime number?
True
Is 11170231 composite?
True
Is 611185571 a prime number?
True
Is 537397 a prime number?
False
Is 7294333 a prime number?
True
Is 171856105 composite?
True
Is 444413 a prime number?
False
Is 596707 prime?
True
Is 1385273 prime?
True
Is 5992067 a prime number?
False
Is 32171 composite?
True
Is 3412898 prime?
False
Is 10461667 a composite number?
False
Is 175029011 composite?
True
Is 43407131 composite?
True
Is 378856559 prime?
False
Is 40916389 a prime number?
True
Is 33563 a composite number?
False
Is 16636303 prime?
True
Is 80449337 prime?
True
Is 4981303 prime?
True
Is 651397 prime?
True
Is 2889427 composite?
False
Is 352311913 prime?
True
Is 214050359 a prime number?
False
Is 8078509 a composite number?
True
Is 23037107 a prime number?
False
Is 19453463 a composite number?
True
Is 70056113 a composite number?
False
Is 5296519 a composite number?
False
Is 39168491 a prime number?
False
Is 338497 a composite number?
False
Is 22756067 a composite number?
False
Is 80315347 composite?
True
Is 50900237 composite?
False
Is 3979957 a composite number?
False
Is 22576081 a prime number?
False
Is 9850177 a prime number?
False
Is 151465421 composite?
False
Is 7274782 a prime number?
False
Is 7240399 a prime number?
False
Is 583942649 composite?
True
Is 7150397 a composite number?
True
Is 4232831 prime?
False
Is 804763 prime?
False
Is 751747 a prime number?
True
Is 522811 a composite number?
False
Is 382209233 composite?
True
Is 237580841 a composite number?
False
Is 160273277 a prime number?
True
Is 330265157 a prime number?
False
Is 162310991 a composite number?
True
Is 163601029 prime?
False
Is 2495071 prime?
True
Is 30959461 composite?
True
Is 14914721 composite?
False
Is 153892901 a composite number?
False
Is 203755687 composite?
True
Is 87155917 a prime number?
True
Is 618671 a composite number?
False
Is 34581731 composite?
False
Is 27066661 prime?
True
Is 39220127 a prime number?
True
Is 1362131 prime?
True
Is 26173531 composite?
False
Is 2190133 a prime number?
False
Is 407287 composite?
False
Is 6859309 a composite number?
False
Is 5603113 a composite number?
True
Is 1100303 a prime number?
True
Is 49593517 prime?
True
Is 62778517 composite?
False
Is 27893183 a prime number?
True
Is 562181 composite?
False
Is 10534697 a prime number?
True
Is 79565951 composite?
False
Is 135114893 a prime number?
True
Is 6501251 a prime number?
True
Is 8258045 composite?
True
Is 45956699 a prime number?
False
Is 64123403 a prime number?
False
Is 117519133 composite?
False
Is 3371989 prime?
True
Is 1848963 composite?
True
Is 818407 prime?
False
Is 310629311 a prime number?
False
Is 80580421 composite?
False
Is 1490689 composite?
True
Is 13192507 a composite number?
False
Is 190987 prime?
False
Is 111997903 composite?
False
Is 19712669 prime?
True
Is 9692009 composite?
True
Is 146652973 a prime number?
False
Is 5539531 a composite number?
False
Is 43272451 composite?
False
Is 110373611 prime?
False
Is 129911707 prime?
True
Is 240197669 a composite number?
False
Is 469721 composite?
True
Is 10487507 composite?
False
Is 25882609 prime?
True
Is 6362659 prime?
True
Is 305101613 composite?
True
Is 19933 composite?
True
Is 229897 a composite number?
False
Is 14870641 a composite number?
True
Is 16103221 composite?
False
Is 32044387 a composite number?
True
Is 2623937 prime?
True
Is 10852781 a prime number?
False
Is 395509 a prime number?
True
Is 5978459 a prime number?
False
Is 760993 prime?
True
Is 1123579 prime?
False
Is 5936627 composite?
False
Is 20949157 prime?
True
Is 126741949 composite?
True
Is 8945117 a prime number?
True
Is 3951587 composite?
False
Is 10576543 composite?
True
Is 7755263 a prime number?
True
Is 2584321 a prime number?
False
Is 57224719 a composite number?
False
Is 1074167 a composite number?
False
Is 37933121 a prime number?
False
Is 187819477 prime?
True
Is 32100121 a prime number?
True
Is 2164111 composite?
False
Is 90077639 a prime number?
True
Is 4164353 prime?
False
Is 70862923 a prime number?
True
Is 3274309 prime?
False
Is 14024938 a composite number?
True
Is 2246609 a prime number?
True
Is 394118391 prime?
False
Is 1361357 a prime number?
True
Is 3640633 prime?
True
Is 11630035 a composite number?
True
Is 21315473 composite?
True
Is 8964521 a prime number?
True
Is 30291386 composite?
True
Is 6162617 prime?
False
Is 83591647 a composite number?
False
Is 1920781 a prime number?
False
Is 5544079 a composite number?
False
Is 120286811 prime?
True
Is 23314849 a composite number?
False
Is 4855339 a prime number?
False
Is 54549787 prime?
False
Is 4439971 composite?
False
Is 961063 composite?
False
Is 4312669 a composite number?
True
Is 1432271 prime?
True
Is 1015755721 a composite number?
False
Is 334247 composite?
False
Is 11512491 prime?
False
Is 16539737 a prime number?
False
Is 3005741 composite?
True
Is 7827931 prime?
True
Is 1946801 a prime number?
True
Is 142816819 a prime number?
False
Is 9448177 prime?
True
Is